{"id":24429,"date":"2021-05-11T09:28:53","date_gmt":"2021-05-11T09:28:53","guid":{"rendered":"https:\/\/pesermontacargas.com.ar\/?page_id=24429"},"modified":"2024-01-10T13:34:41","modified_gmt":"2024-01-10T16:34:41","slug":"home","status":"publish","type":"page","link":"https:\/\/pesermontacargas.com.ar\/","title":{"rendered":"Home"},"content":{"rendered":"\t\t<div data-elementor-type=\"wp-page\" data-elementor-id=\"24429\" class=\"elementor elementor-24429\">\n\t\t\t\t\t\t\t\t\t<section class=\"elementor-section elementor-top-section elementor-element elementor-element-290da7a elementor-section-boxed elementor-section-height-default elementor-section-height-default\" data-id=\"290da7a\" data-element_type=\"section\" data-settings=\"{&quot;background_background&quot;:&quot;classic&quot;}\">\n\t\t\t\t\t\t<div class=\"elementor-container elementor-column-gap-no\">\n\t\t\t\t\t<div class=\"elementor-column elementor-col-100 elementor-top-column elementor-element elementor-element-778f974\" data-id=\"778f974\" data-element_type=\"column\">\n\t\t\t<div class=\"elementor-widget-wrap elementor-element-populated\">\n\t\t\t\t\t\t\t\t<div class=\"elementor-element elementor-element-92d5876 elementor-align-left elementor-widget-mobile__width-initial elementor-invisible elementor-widget elementor-widget-button\" data-id=\"92d5876\" data-element_type=\"widget\" data-settings=\"{&quot;_animation&quot;:&quot;fadeIn&quot;}\" data-widget_type=\"button.default\">\n\t\t\t\t<div class=\"elementor-widget-container\">\n\t\t\t\t\t<div class=\"elementor-button-wrapper\">\n\t\t\t<a class=\"elementor-button elementor-button-link elementor-size-sm\" href=\"https:\/\/pesermontacargas.com.ar\/?page_id=24344\">\n\t\t\t\t\t\t<span class=\"elementor-button-content-wrapper\">\n\t\t\t\t\t\t<span class=\"elementor-button-text\">CONOCE NUESTROS PRODUCTOS<\/span>\n\t\t<\/span>\n\t\t\t\t\t<\/a>\n\t\t<\/div>\n\t\t\t\t<\/div>\n\t\t\t\t<\/div>\n\t\t\t\t\t<\/div>\n\t\t<\/div>\n\t\t\t\t\t\t\t<\/div>\n\t\t<\/section>\n\t\t<div class=\"elementor-element elementor-element-d20d211 e-con-full e-flex e-con e-parent\" data-id=\"d20d211\" data-element_type=\"container\" data-settings=\"{&quot;content_width&quot;:&quot;full&quot;}\" data-core-v316-plus=\"true\">\n\t\t<div class=\"elementor-element elementor-element-c987bd0 e-con-full e-flex e-con e-child\" data-id=\"c987bd0\" data-element_type=\"container\" data-settings=\"{&quot;content_width&quot;:&quot;full&quot;,&quot;animation_mobile&quot;:&quot;fadeIn&quot;}\">\n\t\t\t\t<div class=\"elementor-element elementor-element-4da9472 elementor-widget-mobile__width-auto elementor-widget elementor-widget-image\" data-id=\"4da9472\" data-element_type=\"widget\" data-settings=\"{&quot;_animation_mobile&quot;:&quot;fadeIn&quot;}\" data-widget_type=\"image.default\">\n\t\t\t\t<div class=\"elementor-widget-container\">\n\t\t\t<style>\/*! elementor - v3.16.0 - 17-10-2023 *\/\n.elementor-widget-image{text-align:center}.elementor-widget-image a{display:inline-block}.elementor-widget-image a img[src$=\".svg\"]{width:48px}.elementor-widget-image img{vertical-align:middle;display:inline-block}<\/style>\t\t\t\t\t\t\t\t\t\t\t\t<img decoding=\"async\" width=\"262\" height=\"300\" src=\"https:\/\/pesermontacargas.com.ar\/wp-content\/uploads\/2023\/10\/cropped-PESER-LOGO-scaled-1-262x300.jpg\" class=\"attachment-medium size-medium wp-image-24368\" alt=\"Peser Montacargas\" loading=\"lazy\" srcset=\"https:\/\/pesermontacargas.com.ar\/wp-content\/uploads\/2023\/10\/cropped-PESER-LOGO-scaled-1-262x300.jpg 262w, https:\/\/pesermontacargas.com.ar\/wp-content\/uploads\/2023\/10\/cropped-PESER-LOGO-scaled-1-894x1024.jpg 894w, https:\/\/pesermontacargas.com.ar\/wp-content\/uploads\/2023\/10\/cropped-PESER-LOGO-scaled-1-768x880.jpg 768w, https:\/\/pesermontacargas.com.ar\/wp-content\/uploads\/2023\/10\/cropped-PESER-LOGO-scaled-1-1340x1536.jpg 1340w, https:\/\/pesermontacargas.com.ar\/wp-content\/uploads\/2023\/10\/cropped-PESER-LOGO-scaled-1-1787x2048.jpg 1787w, https:\/\/pesermontacargas.com.ar\/wp-content\/uploads\/2023\/10\/cropped-PESER-LOGO-scaled-1-164x188.jpg 164w, https:\/\/pesermontacargas.com.ar\/wp-content\/uploads\/2023\/10\/cropped-PESER-LOGO-scaled-1.jpg 1796w\" sizes=\"(max-width: 262px) 100vw, 262px\" \/>\t\t\t\t\t\t\t\t\t\t\t\t\t\t\t<\/div>\n\t\t\t\t<\/div>\n\t\t\t\t<\/div>\n\t\t<div class=\"elementor-element elementor-element-f585b7d e-con-full e-flex e-con e-child\" data-id=\"f585b7d\" data-element_type=\"container\" data-settings=\"{&quot;content_width&quot;:&quot;full&quot;}\">\n\t\t\t\t<div class=\"elementor-element elementor-element-fb42e19 elementor-widget__width-initial elementor-widget-mobile__width-initial elementor-widget elementor-widget-text-editor\" data-id=\"fb42e19\" data-element_type=\"widget\" data-widget_type=\"text-editor.default\">\n\t\t\t\t<div class=\"elementor-widget-container\">\n\t\t\t<style>\/*! elementor - v3.16.0 - 17-10-2023 *\/\n.elementor-widget-text-editor.elementor-drop-cap-view-stacked .elementor-drop-cap{background-color:#69727d;color:#fff}.elementor-widget-text-editor.elementor-drop-cap-view-framed .elementor-drop-cap{color:#69727d;border:3px solid;background-color:transparent}.elementor-widget-text-editor:not(.elementor-drop-cap-view-default) .elementor-drop-cap{margin-top:8px}.elementor-widget-text-editor:not(.elementor-drop-cap-view-default) .elementor-drop-cap-letter{width:1em;height:1em}.elementor-widget-text-editor .elementor-drop-cap{float:left;text-align:center;line-height:1;font-size:50px}.elementor-widget-text-editor .elementor-drop-cap-letter{display:inline-block}<\/style>\t\t\t\t<p><span style=\"vertical-align: inherit;\"><span style=\"vertical-align: inherit;\"><em><span style=\"vertical-align: inherit;\"><span style=\"vertical-align: inherit;\"><span style=\"vertical-align: inherit;\"><span style=\"vertical-align: inherit;\"><span style=\"vertical-align: inherit;\"><span style=\"vertical-align: inherit;\"><span style=\"vertical-align: inherit;\"><span style=\"vertical-align: inherit;\">Somos una empresa joven enfocada en la innovaci\u00f3n de placas electr\u00f3nicas para el control de montacargas y a la venta de accesorios para la instalaci\u00f3n y modificaci\u00f3n de los mismos. <\/span><\/span><\/span><\/span><\/span><\/span><\/span><\/span><\/em><\/span><\/span><span style=\"vertical-align: inherit;\"><span style=\"vertical-align: inherit;\"><span style=\"vertical-align: inherit;\"><span style=\"vertical-align: inherit;\"><span style=\"vertical-align: inherit;\"><span style=\"vertical-align: inherit;\"><span style=\"vertical-align: inherit;\"><span style=\"vertical-align: inherit;\">Entendemos la responsabilidad de nuestro trabajo y nos esforzamos en el control minucioso de cada uno de los componentes, elegidos bajo el m\u00e1s riguroso control de calidad.<\/span><\/span><\/span><\/span><\/span><\/span><\/span><\/span><br \/><span style=\"vertical-align: inherit;\"><span style=\"vertical-align: inherit;\"><span style=\"vertical-align: inherit;\"><span style=\"vertical-align: inherit;\"><span style=\"vertical-align: inherit;\"><span style=\"vertical-align: inherit;\"><span style=\"vertical-align: inherit;\"><span style=\"vertical-align: inherit;\"><span style=\"vertical-align: inherit;\"><span style=\"vertical-align: inherit;\">Nuestros clientes nos elijen por nuestra atenci\u00f3n personalizada. Con un servicio enfocado en la satisfacci\u00f3n y mejora constante. La cercan\u00eda en la venta y post venta nos garantiza que nada va a quedar librado al azar.<\/span><\/span><\/span><\/span><\/span><\/span><\/span><\/span><\/span><\/span><\/p><p><span style=\"vertical-align: inherit;\"><span style=\"vertical-align: inherit;\"><b><span style=\"vertical-align: inherit;\"><span style=\"vertical-align: inherit;\"><span style=\"vertical-align: inherit;\"><span style=\"vertical-align: inherit;\"><span style=\"vertical-align: inherit;\"><span style=\"vertical-align: inherit;\"><span style=\"vertical-align: inherit;\"><span style=\"vertical-align: inherit;\"><span style=\"vertical-align: inherit;\"><span style=\"vertical-align: inherit;\">PESER MONTACARGAS<\/span><\/span><\/span><\/span><\/span><\/span><\/span><\/span><\/span><\/span><\/b><\/span><\/span><br \/><span style=\"vertical-align: inherit;\"><span style=\"vertical-align: inherit;\"><i><span style=\"vertical-align: inherit;\"><span style=\"vertical-align: inherit;\"><span style=\"vertical-align: inherit;\"><span style=\"vertical-align: inherit;\"><span style=\"vertical-align: inherit;\"><span style=\"vertical-align: inherit;\"><span style=\"vertical-align: inherit;\"><span style=\"vertical-align: inherit;\"><span style=\"vertical-align: inherit;\"><span style=\"vertical-align: inherit;\">Elevamos los resultados para que no caiga la expectativa\u2026<\/span><\/span><\/span><\/span><\/span><\/span><\/span><\/span><\/span><\/span><\/i><\/span><\/span><\/p>\t\t\t\t\t\t<\/div>\n\t\t\t\t<\/div>\n\t\t\t\t<\/div>\n\t\t\t\t<\/div>\n\t\t<div class=\"elementor-element elementor-element-47e34d2 e-con-full e-flex e-con e-parent\" data-id=\"47e34d2\" data-element_type=\"container\" data-settings=\"{&quot;background_background&quot;:&quot;classic&quot;,&quot;content_width&quot;:&quot;full&quot;}\" data-core-v316-plus=\"true\">\n\t\t<div class=\"elementor-element elementor-element-f3629a9 e-con-full e-flex e-con e-child\" data-id=\"f3629a9\" data-element_type=\"container\" data-settings=\"{&quot;content_width&quot;:&quot;full&quot;}\">\n\t\t\t\t<div class=\"elementor-element elementor-element-eef3381 elementor-widget-mobile__width-inherit elementor-widget elementor-widget-image\" data-id=\"eef3381\" data-element_type=\"widget\" data-widget_type=\"image.default\">\n\t\t\t\t<div class=\"elementor-widget-container\">\n\t\t\t\t\t\t\t\t\t\t\t\t\t\t\t<img decoding=\"async\" width=\"300\" height=\"210\" src=\"https:\/\/pesermontacargas.com.ar\/wp-content\/uploads\/2023\/12\/Sin-titulo-1-300x210.jpg\" class=\"attachment-medium size-medium wp-image-24911\" alt=\"\" loading=\"lazy\" srcset=\"https:\/\/pesermontacargas.com.ar\/wp-content\/uploads\/2023\/12\/Sin-titulo-1-300x210.jpg 300w, https:\/\/pesermontacargas.com.ar\/wp-content\/uploads\/2023\/12\/Sin-titulo-1.jpg 598w\" sizes=\"(max-width: 300px) 100vw, 300px\" \/>\t\t\t\t\t\t\t\t\t\t\t\t\t\t\t<\/div>\n\t\t\t\t<\/div>\n\t\t\t\t<\/div>\n\t\t<div class=\"elementor-element elementor-element-7deed88 e-con-full e-flex e-con e-child\" data-id=\"7deed88\" data-element_type=\"container\" data-settings=\"{&quot;content_width&quot;:&quot;full&quot;}\">\n\t\t\t\t<div class=\"elementor-element elementor-element-d19932b elementor-widget__width-initial elementor-invisible elementor-widget elementor-widget-heading\" data-id=\"d19932b\" data-element_type=\"widget\" data-settings=\"{&quot;_animation&quot;:&quot;fadeInDown&quot;}\" data-widget_type=\"heading.default\">\n\t\t\t\t<div class=\"elementor-widget-container\">\n\t\t\t<style>\/*! elementor - v3.16.0 - 17-10-2023 *\/\n.elementor-heading-title{padding:0;margin:0;line-height:1}.elementor-widget-heading .elementor-heading-title[class*=elementor-size-]>a{color:inherit;font-size:inherit;line-height:inherit}.elementor-widget-heading .elementor-heading-title.elementor-size-small{font-size:15px}.elementor-widget-heading .elementor-heading-title.elementor-size-medium{font-size:19px}.elementor-widget-heading .elementor-heading-title.elementor-size-large{font-size:29px}.elementor-widget-heading .elementor-heading-title.elementor-size-xl{font-size:39px}.elementor-widget-heading .elementor-heading-title.elementor-size-xxl{font-size:59px}<\/style><h2 class=\"elementor-heading-title elementor-size-default\"><i>Hacemos env\u00edos a todo el \npa\u00eds. <\/i>Consultanos!<\/h2>\t\t<\/div>\n\t\t\t\t<\/div>\n\t\t\t\t<\/div>\n\t\t\t\t<\/div>\n\t\t<div class=\"elementor-element elementor-element-745bfed e-flex e-con-boxed e-con e-parent\" data-id=\"745bfed\" data-element_type=\"container\" data-settings=\"{&quot;content_width&quot;:&quot;boxed&quot;}\" data-core-v316-plus=\"true\">\n\t\t\t\t\t<div class=\"e-con-inner\">\n\t\t\t\t\t<\/div>\n\t\t\t\t<\/div>\n\t\t\t\t\t\t\t<\/div>\n\t\t","protected":false},"excerpt":{"rendered":"<p>CONOCE NUESTROS PRODUCTOS Somos una empresa joven enfocada en la innovaci\u00f3n de placas electr\u00f3nicas para el control de montacargas y a la venta de accesorios para la instalaci\u00f3n y modificaci\u00f3n de los mismos. Entendemos la responsabilidad de nuestro trabajo y nos esforzamos en el control minucioso de cada uno de los componentes, elegidos bajo el &hellip;<\/p>\n<p class=\"read-more\"> <a class=\"\" href=\"https:\/\/pesermontacargas.com.ar\/\"> <span class=\"screen-reader-text\">Home<\/span> Leer m\u00e1s &raquo;<\/a><\/p>\n","protected":false},"author":1,"featured_media":0,"parent":0,"menu_order":0,"comment_status":"closed","ping_status":"closed","template":"elementor_header_footer","meta":{"site-sidebar-layout":"no-sidebar","site-content-layout":"page-builder","ast-site-content-layout":"full-width-container","site-content-style":"unboxed","site-sidebar-style":"unboxed","ast-global-header-display":"","ast-banner-title-visibility":"","ast-main-header-display":"","ast-hfb-above-header-display":"","ast-hfb-below-header-display":"","ast-hfb-mobile-header-display":"","site-post-title":"disabled","ast-breadcrumbs-content":"disabled","ast-featured-img":"disabled","footer-sml-layout":"","theme-transparent-header-meta":"default","adv-header-id-meta":"","stick-header-meta":"","header-above-stick-meta":"","header-main-stick-meta":"","header-below-stick-meta":"","astra-migrate-meta-layouts":"set","_joinchat":[]},"_links":{"self":[{"href":"https:\/\/pesermontacargas.com.ar\/index.php?rest_route=\/wp\/v2\/pages\/24429"}],"collection":[{"href":"https:\/\/pesermontacargas.com.ar\/index.php?rest_route=\/wp\/v2\/pages"}],"about":[{"href":"https:\/\/pesermontacargas.com.ar\/index.php?rest_route=\/wp\/v2\/types\/page"}],"author":[{"embeddable":true,"href":"https:\/\/pesermontacargas.com.ar\/index.php?rest_route=\/wp\/v2\/users\/1"}],"replies":[{"embeddable":true,"href":"https:\/\/pesermontacargas.com.ar\/index.php?rest_route=%2Fwp%2Fv2%2Fcomments&post=24429"}],"version-history":[{"count":162,"href":"https:\/\/pesermontacargas.com.ar\/index.php?rest_route=\/wp\/v2\/pages\/24429\/revisions"}],"predecessor-version":[{"id":25150,"href":"https:\/\/pesermontacargas.com.ar\/index.php?rest_route=\/wp\/v2\/pages\/24429\/revisions\/25150"}],"wp:attachment":[{"href":"https:\/\/pesermontacargas.com.ar\/index.php?rest_route=%2Fwp%2Fv2%2Fmedia&parent=24429"}],"curies":[{"name":"wp","href":"https:\/\/api.w.org\/{rel}","templated":true}]}}